 (-7 + 1)*39/(-2). What is the highest common divisor of t and u?
13
Suppose -5*c = 5*y, y + 5*c - 4 = -0. Let m be y/(-2)*-2 - -99. Let r be 3/(-2 - (-31)/14). Calculate the greatest common factor of r and m.
14
Suppose 33 = -2*v + 177. Calculate the greatest common divisor of 48 and v.
24
Suppose 0*k - 15 = -5*k. Let a(b) = b**2 + b - 2. Let h be a(k). What is the highest common factor of h and 1?
1
Let b = 3 - 0. Suppose 0 = -2*w + 7*w - 30. Suppose -2*p - 16 = -t - w*p, 0 = -5*p - 10. Calculate the highest common divisor of t and b.
3
Let j = 76 - 58. Calculate the greatest common divisor of j and 9.
9
Let j be 1 + 6/3 + 1. Let y be 6/j*2/3. Let c = y - -2. Calculate the greatest common divisor of c and 15.
3
Let g be 1/1 + -8 + 67. Let l = 0 + 12. What is the greatest common divisor of g and l?
12
Let g(d) = d**2 - 7*d + 20. Let i be g(6). Calculate the highest common divisor of i and 154.
14
Suppose -3*z - 2*c + 40 = 3*c, 0 = 5*z - 3*c - 10. Suppose 39 = -4*k + 259. Calculate the greatest common divisor of z and k.
5
Let t = 18 + 22. What is the highest common factor of t and 100?
20
Let a be (378/45)/(3/10) + -4. Calculate the greatest common divisor of 48 and a.
24
Let i(q) = q**2 + 2*q + 4. Let v = -3 + 6. Let x be i(v). Calculate the greatest common divisor of x and 19.
19
Suppose 7*l + 48 = 10*l + 3*v, -l = -v - 16. Let s = 1 - 1. Suppose -2*i = -2*n - s*n + 70, i = 5. What is the greatest common factor of l and n?
8
Let m be -3 + (1 - -2) + 2. Calculate the highest common divisor of m and 22.
2
Suppose 2 = -o + 18. Let g(r) = 5*r + 1. Let q be g(3). Calculate the greatest common divisor of q and o.
16
Let y = 206 + -124. Let n be (-6)/9 - 796/(-6). Let s = n - y. What is the highest common factor of s and 10?
10
Suppose -4*p + 24 = -5*j, -3*p + 0*j = -2*j - 11. Let v be (-6 + -10)*2/(-4). Let s be v/1 - (p - 2). Calculate the highest common factor of 63 and s.
9
Suppose -5*i - 581 = -2031. Suppose 2*d = -2*p - 2*p - i, 136 = -2*p + 2*d. Let x = 83 - p. What is the greatest common divisor of 14 and x?
14
Let q be 6/9 + 8/6. Let x be q - (2 - 4 - 20). Calculate the greatest common divisor of 6 and x.
6
Suppose 95 - 15 = 2*k. Let o be 4/k*-4*-10. Calculate the greatest common divisor of 16 and o.
4
Let v = 215 - 209. Suppose -3*c - 2*c + 5*x + 215 = 0, -3*c = 2*x - 154. What is the highest common factor of v and c?
6
Suppose 3*o + u + u - 294 = 0, 185 = 2*o + 5*u. Let s be 134/6 - (-1)/(-3). Suppose 18 = 2*l - s. What is the highest common divisor of l and o?
20
Suppose 6*g = g - 15. Let z = 7 - g. Let w = 20 - z. Calculate the highest common factor of 70 and w.
10
Suppose -4*n - 5*a - 3 = 0, -4*a + 12 = n - 7*a. Let t = 12 + -19. Let p = t + 13. Calculate the highest common factor of n and p.
3
Let f be ((-63)/12)/(18/(-384)). Let p(y) = y**3 - 6*y**2 + 2*y + 4. Let x be p(6). What is the greatest common divisor of f and x?
16
Let i = -8 - -11. Let n = 5 + i. Suppose 3*o - 42 = 30. What is the greatest common divisor of o and n?
8
Let f(t) = 2*t**2 + 19*t - 6. Let k be f(-13). What is the highest common factor of k and 34?
17
Let d = -10 + 14. What is the highest common divisor of d and 44?
4
Suppose -22*i = -25*i + 18. What is the highest common factor of i and 4?
2
Suppose -v - d + 20 = -2*d, 3*d - 4 = -v. What is the highest common factor of v and 1?
1
Let i(b) = b - 9. Let g be i(8). Let l be -3 - (-6)/(3 + g). Suppose 4*c + 4*y = 476, 5*c = -l*y - 2*y + 601. Calculate the highest common factor of c and 11.
11
Suppose 0*m - 2*m - 2*z + 330 = 0, 5*z = -2*m + 321. Calculate the greatest common factor of 24 and m.
24
Let n = -545 - -569. Let k(f) = -f + 1. Let j be k(-2). What is the highest common divisor of j and n?
3
Let m(c) = c + 1. Let b(u) = 2*u + 1. Let d(o) = b(o) - m(o). Let k be d(6). Let l be (24/(-14))/(k/(-42)). What is the highest common divisor of l and 12?
12
Suppose 6*h - 5*n = 2*h - 16, n + 1 = 5*h. Let m be 1 - (h - 1 - 15). What is the highest common divisor of 32 and m?
16
Let i = 68 - 5. Let b = 22 + -15. Calculate the highest common factor of b and i.
7
Let h be (-240)/(-16)*1/3. Calculate the highest common divisor of 15 and h.
5
Let m be 2/4 - (-645)/6. Let k be (-5 + 7)/(3/36*2). What is the highest common factor of m and k?
12
Suppose 3*p - 3*k = -3, 0*k - 2*k = 2*p - 10. Suppose -12 = 3*i, 59 = v + p*i - 14. Calculate the highest common divisor of v and 9.
9
Suppose 7*t = 6*t + 2. Let k be (7/t)/((-1)/(-2)). Calculate the highest common divisor of k and 77.
7
Let h be (-10)/((-9)/(-6)*(-1)/3). What is the greatest common divisor of h and 90?
10
Let q be (1 + 0)*33/3. Suppose -259 = -3*t + q. What is the greatest common factor of 9 and t?
9
Let w(f) = 10*f + 2 - 2 - f**2 - 8. Let k be w(9). Let o be 1*((-2)/k + 11). Calculate the highest common factor of 81 and o.
9
Let p = -9 + 15. Suppose -q = -p - 14. What is the highest common divisor of q and 4?
4
Let k = 21 + 15. What is the greatest common factor of 9 and k?
9
Let s(b) = 9*b**3 - 3*b**2 - 2*b + 4. Let t be s(2). Suppose q + 5*c = 13 + 11, 0 = 4*c. Calculate the highest common divisor of q and t.
12
Let f = -5 - -5. Suppose 5*g - 2*j = 8, -g + j + 1 = -f*j. Let p = g - -2. What is the highest common factor of 16 and p?
4
Suppose 0 = u, -5*t + 30 = 2*u + 5. Suppose 4*d = t*c - 192, -3*c - c + 5*d = -150. Calculate the highest common factor of c and 20.
20
Let z = 7 + -2. Suppose -k = -0*k - z. What is the highest common divisor of k and 15?
5
Let f = 23 - 19. Suppose -f*a + 37 = 3*c, 7*a = -c + 2*a + 5. Calculate the highest common divisor of 105 and c.
15
Let y be (-5 - -3)*((-39)/2)/3. What is the highest common divisor of y and 91?
13
Let c = 55 - 30. Calculate the greatest common divisor of 5 and c.
5
Suppose -3*m = 2*y - 5*y + 24, -2*y + 3*m + 15 = 0. What is the greatest common divisor of 72 and y?
9
Let f(b) = -b**3 + 6*b**2 + 9*b + 5. Let g be f(7). What is the highest common factor of 209 and g?
19
Let a(w) = -4*w**3 + 5*w**2 + 4*w + 16. Let q be a(-4). Calculate the highest common factor of 48 and q.
48
Let n = 17 - 12. Let z(j) = j**3 - j**2 - 8*j + 3. Let y be z(n). Suppose 57 + y = f - 3*v, -3*f + 390 = -3*v. What is the highest common divisor of f and 15?
15
Let h = -54 + 94. Calculate the highest common factor of 16 and h.
8
Let t = 21 + -19. Calculate the greatest common divisor of 4 and t.
2
Suppose 5*u + 0*u = 20. Suppose n + l + 9 = -2*l, n + 2*l + u = 0. What is the highest common factor of n and 9?
3
Let b be ((-42)/8)/(6/24). Let w be -1 + 5 + -2 + 73. Let n = w + b. What is the greatest common divisor of n and 6?
6
Suppose -2*t = 3*t - 25. Suppose -15 = -3*u - 2*j, t*u - 2*u + 5*j - 24 = 0. Let h = 50 + -26. What is the highest common divisor of u and h?
3
Let r be 1/(2 + (-3)/2). Suppose s = 6*s + r*i - 80, 4*i = -3*s + 62. Suppose 1202 = 5*p + 432. Calculate the highest common factor of p and s.
14
Let l = 11 - 27. Let y be (-38)/(-14) + (-2)/(-7). Let p be (y/(-2))/(12/l). Calculate the highest common factor of p and 2.
2
Suppose 0 = -0*a - 2*a + 3*x + 24, -4*a + 48 = 4*x. Calculate the greatest common factor of a and 36.
12
Suppose 0 = -j - 3*j + 348. What is the highest common factor of 58 and j?
29
Let s(c) = c**2 - 4*c - 1. Let x be s(5). What is the greatest common divisor of 4 and x?
4
Suppose 3 + 3 = r. Suppose 5*u = 4*y - 792, 2*y = -3*y + 4*u + 990. Suppose -y = 2*h - 5*h. What is the greatest common factor of r and h?
6
Let s = 7 + -11. Let k be (-43)/(-4) + 3/s. Calculate the highest common divisor of k and 5.
5
Let b = 25 + -3. Let x be (b/6)/(1/45). Suppose -2*h + 0*u = 4*u - 38, -66 = -4*h - 3*u. Calculate the greatest common divisor of h and x.
15
Let p be 6/(-9)*6/2. Let m be (3 + 1)/p - -1. Let c be m/((-1)/(9*8)). What is the greatest common divisor of 8 and c?
8
Let b = 1 - -2. Suppose -5*d + b*d + 12 = 0. Calculate the highest common factor of 2 and d.
2
Let t(u) = u**2 - 16. Let q be t(5). What is the greatest common divisor of q and 27?
9
Let u = -42 + 70. Calculate the greatest common factor of u and 4.
4
Let k(t) = 4*t**2 - 4. Let y = -2 + -2. Let f be k(y). Calculate the greatest common factor of f and 12.
12
Suppose -z - 8 = -27. What is the greatest common factor of 19 and z?
19
Let y be 2 + -